der when d is divided by 16.
9
Suppose 5*o - 5*l = 8275, -5*o - 54*l + 8239 = -55*l. What is the remainder when 8245 is divided by o?
15
Let r(m) be the first derivative of 31*m**2 + 17*m + 81. What is the remainder when r(3) is divided by 51?
50
Let k(f) = -6 - 3*f**2 + f**3 + 4*f - f - 5*f - 2*f. Suppose 4*m = -8, -2*m - 37 = -3*s + 3*m. Calculate the remainder when k(6) is divided by s.
6
Let r be (-65 + 1)/4*12/(-16). Let u = 15 + r. Calculate the remainder when -2 + (-221)/(-2) + 15/(-10) is divided by u.
26
Suppose 0 = 41*x - 6097 + 1177. Calculate the remainder when 239 is divided by x.
119
Suppose 462*h - 47746 - 413822 = 78*h. What is the remainder when h is divided by 289?
46
Let x(y) = -2*y**2 - 3*y + 26. Let g be x(-5). What is the remainder when 52 is divided by (g/4)/((-9)/36)?
7
Let v = -83 - -207. Calculate the remainder when v is divided by (-5826)/(-114) + 268/(-2546) - 19.
28
Suppose 0 = -3*b - 6, -2*b - 20 = -3*r + 8. Suppose -17*w + 277 = -267. What is the remainder when w is divided by r?
0
Let v(l) = 32*l + 288. Let h be v(-9). Suppose h = 82*u - 79*u - 72. Calculate the remainder when 2 + -1 - (-118 + 0) is divided by u.
23
What is the remainder when (11702 - -4) + 28 + (-2 - (-3)/3) is divided by 11?
7
Let q = 20 + -17. Suppose 0 = -l - u + 5*u + 142, -l - q*u = -156. Suppose -5*d + 0*d + l = 0. Calculate the remainder when 87 is divided by d.
27
Let r = -3413 + 3516. What is the remainder when 1327 is divided by r?
91
Suppose 0*u + 108 = -4*u. Let k = 1770 - 1761. What is the remainder when 18 is divided by 2/k + (-291)/u?
7
Let y(s) = 50*s**2 + 16*s + 10. What is the remainder when 461 is divided by y(-1)?
21
Let c = 2898 - 2596. Calculate the remainder when c is divided by 11.
5
Let l(m) = m**3 - 2*m**2 + m + 212. Calculate the remainder when l(0) is divided by 48.
20
What is the remainder when 5/(-30) + (-1)/((-18)/9453) is divided by 78?
57
Let r(p) = -70*p + 3964. What is the remainder when 772 is divided by r(56)?
24
Let i(k) = -9*k**2 + 488*k - 77. Let a = 277 - 198. Calculate the remainder when a is divided by i(54).
17
What is the remainder when 2396 is divided by 511 - 501 - 8/1?
0
Suppose -b = 3*b - 8. Suppose -2*t + 5*t = 2*m + 62, 58 = 3*t + b*m. What is the remainder when 706/18 - 6/27 is divided by t?
19
Let y = 9 + -3. Suppose -4*v - 14*p + 1378 = -12*p, -3*p = 2*v - 695. Let f = v + -327. What is the remainder when f is divided by y?
4
Suppose 49*v - 36*v - 767 = 0. What is the remainder when 1294 is divided by v?
55
Let c(h) = 2*h. Let i be c(3). Let a be (-4)/(-22) - i/33. Calculate the remainder when 36 is divided by (16/12)/((-6)/(-63) + a).
8
Suppose 59 - 71 = 4*j. Let g be 1 + (-2)/(-2) + (-6)/j. Suppose 9 = 2*y + a - 11, -4*a = g*y - 36. What is the remainder when 42 is divided by y?
9
Let u(x) = 3*x + 1. Let i be u(1). Let s(j) = 2*j - 3. Let n(b) = b**2 + 16*b + 72. What is the remainder when n(-7) is divided by s(i)?
4
Suppose 26*v = 35*v - 612. Let o = -63 + v. What is the remainder when -2 + 2 + (12 - 0) is divided by o?
2
Let l(g) = -58*g + 1555. Let w = 332 - 196. Calculate the remainder when w is divided by l(26).
42
Calculate the remainder when (-18 - -10362)/8 + 15 is divided by 94.
86
Let n(o) = -o**3 - 16*o**2 + 4*o + 32. Let j be n(-16). Calculate the remainder when 109 is divided by (j/3 - -7)*-6.
21
Let n(c) = 2 + c + 477*c**2 + 3*c + 9 - 475*c**2. What is the remainder when 76 is divided by n(-2)?
10
Suppose -q + 2*q = 6. Let l(w) = 2*w**2 + 4*w - 8. Let c be l(2). Suppose -28 = -5*y + 2*m, 10*m - c*m - 2 = 0. What is the remainder when y is divided by q?
0
Let f(o) = 28 - o**2 + 14*o**2 - 9*o**2 + 30*o - 3*o**2 - 124. What is the remainder when 25 is divided by f(-33)?
1
Suppose j - 591 = 3*r + 1461, -j + 5*r = -2036. Calculate the remainder when j is divided by 123.
108
Let n(b) = 9*b - 26 + b - 3*b - b + 7*b. Calculate the remainder when 128 is divided by n(4).
24
Let s = 2363 + -2344. What is the remainder when 506 is divided by s?
12
Let m = 10705 + -10340. Calculate the remainder when m is divided by 18.
5
Suppose 2560 = 10*u - 540. Suppose 860 = 6*s - u. Calculate the remainder when s is divided by (-3)/5 - 2688/(-80).
30
Suppose -2*m = 5*i - 178, 74 = i + 76. Calculate the remainder when m is divided by 32.
30
Suppose 2*m = 3*w - 12444, 4*w = 2*w + 5*m + 8274. Calculate the remainder when w is divided by 40.
32
Suppose 0 = 2*t - 32 - 28. Suppose 4*s - 110 - 127 = -5*x, 3*x + 287 = 5*s. Calculate the remainder when s is divided by t.
28
Let p(h) = 340*h + 100. Calculate the remainder when p(6) is divided by 102.
100
Calculate the remainder when 415 is divided by 37 - (41/8 - 64/512).
31
Suppose 0 = 3*s + 15, -16*i - 288 = -20*i + 4*s. What is the remainder when 70 is divided by i?
3
Suppose m + 0*m = 397. Let y = 6821 - 6781. Calculate the remainder when m is divided by y.
37
Let i = -5 + 11. What is the remainder when (-22)/(-4) - (-19)/38 is divided by i?
0
Let t = -32 - -34. Suppose -3*i = -2*i - t. Suppose 10 + 6 = i*o. Calculate the remainder when 15 is divided by o.
7
Suppose -3*l - 564 = -2*r, 3*r = -180*l + 176*l + 880. What is the remainder when 1731 is divided by r?
3
Let s = 231 - 216. What is the remainder when 5/s - 9/((-54)/448) is divided by 25?
0
Suppose -5*g + 2*o + 9 = -16, -2*o = 0. Suppose -g*d = -25, a = 4*a + d - 41. Let n = 74 + -53. Calculate the remainder when n is divided by a.
9
Suppose d = -5*r + 43, 3*r - 49 = -d + 4*r. Let m(f) = 7*f + 837. Calculate the remainder when d is divided by m(-116).
23
Suppose 7*m = 20*m - 247. Let s be (0/1)/(-2)*(-2)/4. Suppose 0*b - 5*y = 3*b - 17, -3*b - 2*y + 23 = s. Calculate the remainder when m is divided by b.
1
Suppose -2*z = 5*r - 76, 0 = -3*z - 2*z - 5*r + 205. Let k = z - 36. Suppose -k*v = -6*v - 87. What is the remainder when v is divided by 22?
21
Let s = 42 + -22. Let t be (-5)/s + (-90)/(-8). Suppose t*q = 7*q + 56. Calculate the remainder when 67 is divided by q.
11
Suppose -3*l - 66 = -108. Let f(h) = -4*h + 79. What is the remainder when f(l) is divided by 6?
5
Suppose 23*v + 14 = 22*v. Let r = v + 6. What is the remainder when 45 + (-12)/r*-2 is divided by 9?
6
Suppose -3*l + 252 + 70 = 7*s, -3*l + 5*s + 274 = 0. Calculate the remainder when l is divided by (-2)/(-2) + (-32)/(-2).
13
Let g be (-22 - -6)/(3/(-9)). What is the remainder when (8/(g/2))/((-1)/(-1668)) is divided by 43?
40
Let p = 635 - 204. Suppose -1166 + p = -5*z. Let k = z + -74. What is the remainder when k is divided by 13?
8
Let y = -1300 - -1693. Calculate the remainder when y is divided by 28.
1
Suppose -9875*j = -9880*j + 70. Let l(a) = 2*a**2 + 2. What is the remainder when l(-5) is divided by j?
10
Let s = 384 + -379. Let g(l) = -l**2 - 7*l - 2. Let k be g(-6). Suppose h = k*x + 23 + s, -4*x = h + 4. What is the remainder when h is divided by 4?
0
Suppose -10*q - 9*q = -5700. Suppose -11*h = -26*h + q. What is the remainder when 50 is divided by h?
10
Suppose 8228 = 4*l + 2*u, 6*l - 4*l = 4*u + 4104. What is the remainder when l is divided by 11?
10
Suppose -31*d = -79*d + 8208. What is the remainder when 345 is divided by d?
3
Suppose 10019*q - 10035*q = -624. Suppose 6 = 5*z - 69. What is the remainder when q is divided by z?
9
Let g(l) = 3*l**3 - 9*l**2 + 47*l - 29. Calculate the remainder when g(7) is divided by 29.
18
Let b(i) = 29*i**2 + i. Let o = 741 - 721. What is the remainder when b(1) is divided by o?
10
Let m(t) = -4*t**3 + 4*t**2 + 5*t + 2. Calculate the remainder when m(-4) is divided by (-1 - 39/(-21))/((9975/(-1960))/(-95)).
14
Let l = -136 - -248. Suppose -105*t + l*t - 462 = 0. What is the remainder when t is divided by 35?
31
Let a(j) = -j**2 - 15*j + 52. Let b be a(-16). Suppose 0 = 4*m + 5*h - 99, 0 = m + 3*h - 4*h - b. What is the remainder when 276 is divided by m?
28
Suppose -2418*l = -2411*l - 3059. Calculate the remainder when 1314 is divided by l.
3
Let f = -4158 + 4281. What is the remainder when 611 is divided by f?
119
Suppose -11*p + 536 = 63. What is the remainder when p is divided by (-22 + 32)/(10/12)?
7
Suppose -3*j + 6*j = 24. Suppose -2*f = 4, -5*n - j*f + 10 = -3*f. Suppose n*y + 20 = 116. What is the remainder when y is divided by 13?
11
Let z(i) = i**3 + 8*i**2 - i - 7. Supp